. Suppose 3*y - 23 = -2*c, -2*c + p = y + s*c. List the prime factors of y.
5
Suppose 0 = -y + 248 - 70. Suppose -y = -5*d - 48. List the prime factors of d.
2, 13
Let t(x) = x + 1. Let y be (-1 + 0)*(4 - 7). Suppose 0 = 2*q - y*q + 5. What are the prime factors of t(q)?
2, 3
Let z = 4 + 1. Suppose 0 = z*q + 6 + 4. List the prime factors of -2 + (4/2 - q).
2
Let t = 3 - -1. Let i be 92/20 - t/(-10). Suppose i*c - 16 = 9. List the prime factors of c.
5
Suppose 43 = 2*g - 175. What are the prime factors of g?
109
Suppose 2*t - 11 = 27. Let l = -12 + t. What are the prime factors of l?
7
Suppose 0 = -2*u + 6*u - 24. Suppose -70 = u*i - 226. List the prime factors of i.
2, 13
Let i(w) = 2*w**2 - 3*w - 2. Let x be i(3). Suppose -3*a = -x*a. Let r = 3 - a. List the prime factors of r.
3
Suppose -2*b - 5*v - 7 = 0, -3*b + 46 = -3*v + 109. Let k be -5 + -1 + (-3 - -2). Let n = k - b. What are the prime factors of n?
3
Let k be (-58)/(-10) - 2/(-10). Suppose -s = -k*s + 35. List the prime factors of s.
7
Let i be 5/10 + 34/4. Let y = -5 + i. Let g = 7 + y. What are the prime factors of g?
11
Let t(n) = n**3 + 2*n**2 + n. Let s be t(-2). Suppose 8 = -4*m, -1 - 7 = l + 2*m. Let x = s - l. List the prime factors of x.
2
Let o(t) = 2*t - 5. Let w be o(5). Let c(i) = -9 + 3*i - 2*i - w*i + 2*i. List the prime factors of c(-7).
5
Suppose 0*c - 2*c = -6. Let a(s) = s**2 - 2*s + 5. Let g be a(7). Suppose -c*u = -n - g, -2*n + 11 = -u + 2*u. List the prime factors of u.
13
Let h = -3 - -25. List the prime factors of h.
2, 11
Let a(x) = x**2 - 8*x + 9. Let h be a(7). Suppose -5*i = 3*s - 42 + 16, 0 = -4*s + h*i + 78. What are the prime factors of s?
17
Suppose 4*b = 3*x + 2*x - 996, -x + 176 = 5*b. What are the prime factors of x?
2, 7
Let v = 19 - -212. What are the prime factors of v?
3, 7, 11
Suppose -o - 300 = -5*j, -3*o + 226 = 4*j - o. List the prime factors of j.
59
Suppose -5*g - 3*w + 1 = 0, -3*w + 2 = 11. Suppose -55 = g*p - 7*p. What are the prime factors of p?
11
Let u(x) = 2*x**2 - x + 3. List the prime factors of u(-3).
2, 3
Let j = -68 + 82. What are the prime factors of j?
2, 7
Let b = 2 - 2. Suppose b*u + 3 = u. Suppose u*a + 6 = 24. List the prime factors of a.
2, 3
Suppose 0 = 4*v - d + 117, 3*v - d = -2*d - 86. List the prime factors of 9/(-6) - v/2.
13
Let c = -2 - -4. Suppose -c*l = -0*l - 2*d - 60, 0 = 3*l - 4*d - 90. What are the prime factors of l?
2, 3, 5
Suppose -w - 4*b = 2*w - 10, -5*w + b + 9 = 0. Suppose w*z - 55 = -17. What are the prime factors of z?
19
Suppose 12 = 2*l + 4*o, -5*l + 0*l = 4*o - 18. Let g(m) = 3*m**2 - 3*m**2 - 2*m + 4*m**l - 1. List the prime factors of g(-1).
5
Let w = 6 - 3. Suppose 5 = w*k - 13. List the prime factors of k.
2, 3
Let p = 127 + -87. Suppose -a = 3*a - p. What are the prime factors of a?
2, 5
Let k be 6/((-2)/7*-1). Suppose -6 = 3*z - k. List the prime factors of z.
5
Let r(k) = -7*k + 31. What are the prime factors of r(-8)?
3, 29
Let g(m) = 6 - 13*m**2 + 6*m**2 + 8*m**2 + 13*m. What are the prime factors of g(-14)?
2, 5
Let d(k) = k**3 + 5*k**2 - 3*k + 6. Let n be d(-5). Suppose -t + n = -0*t. What are the prime factors of t?
3, 7
What are the prime factors of (-2)/12 + (-722)/(-12)?
2, 3, 5
Let j(q) = q**3 - 6*q**2 - 6*q - 2. Let d be j(7). Suppose -w + 4*w + 4*i = 42, 84 = d*w + 2*i. List the prime factors of w.
2, 3
Let v = 24 - 11. List the prime factors of v.
13
Let v(j) = 2*j + 6. Let k be v(-5). Let i be -2*(54/k)/3. What are the prime factors of (-21)/(-2) + i/6?
2, 3
Let x(n) = 5*n - 4. Let y(a) = -16*a + 11. Let d(j) = 7*x(j) + 2*y(j). What are the prime factors of d(5)?
3
Let u(c) = 12*c + 1. Let j be u(2). Suppose -2*o - 3*x + 10 = -o, -2*x = -o + j. Suppose -v + 5*v - 5*y - o = 0, -3*v - 4*y = -22. List the prime factors of v.
2, 3
Let u be (6/(-2) - 0) + 24. Suppose u = 4*y - y. What are the prime factors of y?
7
Let s(c) = 3 - 1 + 3 - c - 3*c. Let m(a) = -a + 1. Let v(w) = 2*m(w) - s(w). What are the prime factors of v(7)?
11
Let a(s) = -27*s + 3. Let u(z) = 7*z - 1. Let t(f) = -2*a(f) - 9*u(f). What are the prime factors of t(-2)?
3, 7
Suppose 0 = -m - 7*d + 4*d + 44, 0 = 5*m - d - 236. List the prime factors of m.
47
Suppose -3*s + 1 = -11. Suppose -2*i - 5*c + 40 = 0, -i = -s*c - 13 - 7. What are the prime factors of i?
2, 5
Let m be -5 + 3 - (33 - 0). List the prime factors of (-21)/m + (-234)/(-10).
2, 3
Suppose -v - 87 = 5*s - 600, 5*s = -2*v + 516. List the prime factors of s.
2, 3, 17
Let u = 20 - 12. What are the prime factors of (1*u)/(3/6)?
2
Let b(w) = -w**3 + w**2 - w. Let k be b(2). Let n(s) = -s**3 - 4*s**2 + 6*s - 4. Let o be n(-5). What are the prime factors of 7/3 + k/o?
3
Suppose 0 = -0*y + 5*y - 785. What are the prime factors of y?
157
Let l be (-94)/(-6) - (-2)/6. Suppose 2*s = -2*s - l. What are the prime factors of s/14 - (-158)/14?
11
Suppose 4*l = -q + 17, q + 9 = 4*q - 2*l. Let x(z) = 3 - q + 1 - 11*z. What are the prime factors of x(-1)?
2, 5
Suppose -a = -3*a + 20. What are the prime factors of a?
2, 5
Suppose -5*c = 9 + 1, 0 = 3*f - c + 46. Let z = f - -32. What are the prime factors of z?
2
Let p(v) = 3*v - 12. List the prime factors of p(5).
3
What are the prime factors of (-2)/(-9) + (-12095)/(-45)?
269
Let y(f) be the third derivative of -f**7/5040 + f**5/30 - f**2. Let t(r) be the third derivative of y(r). What are the prime factors of t(-2)?
2
Suppose 4*c - c = 2*m + 27, 3*m + 3 = -3*c. Let z(q) be the second derivative of -q**3/3 + 2*q**2 - q. List the prime factors of z(m).
2
Let p = -14 - -33. List the prime factors of p.
19
Let l be (4 - 9/3)*-1. Let z be (-3)/l + 0/2. Suppose 0*b + 36 = z*b. List the prime factors of b.
2, 3
Let n = 145 - 86. List the prime factors of n.
59
Let i = 4 + -2. Suppose 30 = 2*n - 0*n + 5*y, -5*n + 46 = -i*y. Suppose 50 = 2*l + n. List the prime factors of l.
2, 5
Let n = 97 - 48. List the prime factors of n.
7
Let d(w) = w**3 - w**2 + w + 87. What are the prime factors of d(0)?
3, 29
Suppose 2*l + 5*o = l + 19, 18 = -2*l + 4*o. Let i be l*(-4)/6*-9. What are the prime factors of -2 + i/(-4)*6?
7
Suppose -6*s + 7*s - 243 = -3*k, 2*k + 751 = 3*s. What are the prime factors of s?
3, 83
Suppose -328 - 320 = -6*s. What are the prime factors of s?
2, 3
Suppose -p = -2*p - 3*f + 24, -p - f + 30 = 0. Suppose -3*o + p = -63. What are the prime factors of o?
2
Let l = -52 + -9. Let j = l - -104. What are the prime factors of j?
43
Let r(y) = -8*y - 7*y + 3*y - 2. What are the prime factors of r(-2)?
2, 11
Let u(b) = b**3 + 7*b**2 - 9*b - 4. Let r be u(-8). Suppose -3*t - l = -11, t + l = r*l - 3. What are the prime factors of t?
3
Let d(f) = -8*f - 16. Let g be d(-12). Suppose 5 = -5*a + g. List the prime factors of a.
3, 5
Suppose 1 = x - 1. Let b be (-1 - x)*64/(-12). Suppose 3*r = -4*o + b, r + o - 2 = -2*o. List the prime factors of r.
2
Suppose -4*b + 0*b + 8 = -3*m, -2 = -2*b + 2*m. Suppose -b*z - 5*t + 6 = -4, -t - 16 = -5*z. Suppose 5*w - 48 = -z. List the prime factors of w.
3
Suppose 5*a + 2*t - 4 - 1 = 0, 0 = 5*a + 3*t - 5. Suppose y - 1 = -2*f, a = f + 3. Suppose v + 4*d = 29, 34 = y*v + d - 16. List the prime factors of v.
3
List the prime factors of 16*(1 + (3 - (-27)/6)).
2, 17
Let m(r) = -r**2 + 5*r - 4. Let l be m(3). Suppose -5*a - 45 + 177 = l*s, s - 131 = -5*a. List the prime factors of a.
2, 13
Suppose 0*x = -4*l - 3*x + 71, -l - x = -18. List the prime factors of l.
17
Let q(b) = b - 10. Let u be q(5). Let i be ((-1)/(-1))/(u/50). Let y(r) = -r**3 - 9*r**2 + 9*r + 9. List the prime factors of y(i).
19
Let g(z) = -2*z + 23. What are the prime factors of g(0)?
23
Suppose d - 2*d - 5*g = -10, -g - 19 = -4*d. List the prime factors of d.
5
Let l be 104/(-12)*(-3 + 0). Suppose q - l = -3*t + 28, -q + 73 = 4*t. List the prime factors of t.
19
Suppose 2*p + 4*x = -2*p, 3*p = 3*x. Suppose 16 = -p*o + 4*o. What are the prime factors of o/10 - 53/(-5)?
11
Let s = 1 + -1. Suppose 3*k + 0 - 6 = 0, s = -4*x + k + 42. List the prime factors of x.
11
Let p = 0 + 1. Let l(v) = v**3 + 2*v**2 - v. What are the prime factors of l(p)?
2
Let h(j) = 2*j**2 - 13*j - 10. What are the prime factors of h(10)?
2, 3, 5
Let b(z) = z**3 + 5*z**2 + 4*z + 3. Let c be b(-4). List the prime factors of c/(-9) - (-56)/6.
3
Let g